tor of 23160 and 3984?
24
Calculate the greatest common factor of 2336 and 752.
16
What is the highest common divisor of 183505 and 315?
35
Calculate the greatest common divisor of 1351577 and 122.
61
Calculate the highest common factor of 344 and 81.
1
What is the greatest common factor of 493 and 4811680?
493
Calculate the highest common factor of 25 and 103925.
25
What is the highest common divisor of 3705 and 120365?
95
What is the highest common factor of 4577 and 322?
23
Calculate the greatest common divisor of 390121 and 1063.
1063
Calculate the highest common divisor of 11625 and 285.
15
Calculate the highest common factor of 90 and 86490.
90
Calculate the greatest common factor of 45135 and 1224.
153
What is the greatest common divisor of 13708 and 16688?
596
What is the highest common factor of 3333 and 22176?
33
Calculate the greatest common factor of 97 and 315347.
97
What is the greatest common divisor of 158336 and 16?
16
What is the highest common divisor of 2795 and 143?
13
Calculate the highest common factor of 16720 and 17195.
95
Calculate the greatest common divisor of 55 and 8305.
55
What is the highest common factor of 748 and 109684?
68
What is the highest common factor of 110 and 139205?
55
What is the greatest common divisor of 392530 and 765?
85
What is the highest common divisor of 1575 and 50?
25
What is the highest common factor of 55347 and 171?
57
Calculate the greatest common factor of 232 and 1766071.
29
What is the greatest common divisor of 4847 and 1184?
37
Calculate the highest common factor of 1615 and 30515.
85
What is the greatest common divisor of 442 and 10?
2
Calculate the highest common factor of 60 and 60324.
12
Calculate the greatest common factor of 146088 and 63.
9
Calculate the highest common factor of 1241 and 4318.
17
What is the greatest common factor of 3050 and 1300?
50
What is the highest common factor of 9264 and 80?
16
What is the highest common factor of 543 and 318741?
543
Calculate the highest common factor of 1058577 and 39.
39
What is the highest common divisor of 116361 and 45?
9
What is the greatest common factor of 211914 and 60216?
1158
Calculate the greatest common factor of 16400 and 5904.
656
What is the greatest common divisor of 22161 and 24119?
89
Calculate the greatest common factor of 9 and 4028625.
9
Calculate the highest common divisor of 5980 and 306820.
460
Calculate the highest common divisor of 62173 and 237.
79
What is the greatest common divisor of 856 and 2436604?
428
What is the highest common divisor of 608440 and 42?
14
Calculate the highest common divisor of 242 and 256454.
22
What is the greatest common factor of 14335 and 1880?
235
What is the greatest common divisor of 2176 and 10768?
16
Calculate the greatest common divisor of 28140 and 5020.
20
Calculate the highest common divisor of 4608 and 906624.
1152
What is the highest common divisor of 12 and 303492?
12
What is the highest common divisor of 9797487 and 21?
21
Calculate the greatest common factor of 1128721 and 88.
11
What is the highest common divisor of 6210 and 1610?
230
What is the greatest common divisor of 195940 and 20?
20
What is the highest common divisor of 950 and 193350?
50
Calculate the greatest common factor of 1116 and 58311.
279
Calculate the highest common divisor of 84 and 75789.
21
What is the highest common factor of 358 and 66051?
179
What is the highest common factor of 212 and 735746?
106
Calculate the greatest common factor of 664 and 95948.
332
What is the greatest common factor of 795719 and 85?
17
Calculate the highest common factor of 1864 and 24.
8
Calculate the greatest common divisor of 2048 and 10752.
512
Calculate the highest common factor of 34188 and 9086.
154
What is the greatest common divisor of 235 and 91415?
235
What is the highest common factor of 567 and 12852?
189
What is the highest common divisor of 12245 and 21545?
155
Calculate the greatest common divisor of 280560 and 254842.
2338
Calculate the greatest common divisor of 45 and 759015.
45
Calculate the greatest common factor of 11334 and 30.
6
What is the highest common divisor of 655 and 106372?
131
What is the greatest common divisor of 5064640 and 35?
35
What is the highest common divisor of 656350 and 850?
50
Calculate the greatest common divisor of 9292 and 6161.
101
What is the highest common divisor of 792 and 18392?
88
What is the highest common divisor of 221 and 151045?
17
What is the greatest common divisor of 4020 and 5380?
20
What is the highest common divisor of 72 and 114201?
9
Calculate the highest common divisor of 24 and 263.
1
Calculate the highest common divisor of 786688 and 16.
16
Calculate the highest common divisor of 207 and 57891.
69
Calculate the highest common factor of 60146 and 244.
122
Calculate the greatest common divisor of 6592 and 637776.
1648
What is the greatest common factor of 559 and 923?
13
What is the greatest common divisor of 24702 and 32223?
69
Calculate the highest common divisor of 1024 and 8064.
128
Calculate the greatest common divisor of 59058 and 237969.
1737
What is the greatest common divisor of 75888 and 36?
36
What is the greatest common divisor of 2624 and 6848?
64
Calculate the greatest common divisor of 51258 and 150.
6
Calculate the highest common divisor of 14718 and 1386.
66
What is the highest common factor of 492960 and 16?
16
What is the highest common divisor of 77400 and 2881?
43
What is the greatest common factor of 65 and 10602735?
65
Calculate the greatest common factor of 369600 and 66.
66
What is the highest common divisor of 25155 and 60?
15
What is the greatest common factor of 425520 and 180?
180
What is the greatest common factor of 608 and 12176?
16
What is the greatest common divisor of 91 and 3197129?
13
What is the greatest common factor of 288 and 26136?
72
What is the highest common divisor of 128 and 4496?
16
Calculate the highest common divisor of 21 and 1946.
7
Calculate the highest common factor of 37109 and 1075.
43
What is the greatest common factor of 528 and 1872?
48
What is the greatest common factor of 625 and 2558125?
625
Calculate the highest common divisor of 94888 and 5800.
232
What is the greatest common factor of 833 and 572101?
17
What is the greatest common divisor of 212194 and 68?
34
Calculate the highest common factor of 287 and 298.
1
Calculate the greatest common divisor of 79352 and 13832.
728
Calculate the greatest common divisor of 732792 and 32.
8
Calculate the greatest common divisor of 457 and 568965.
457
What is the greatest common divisor of 1328 and 1712?
16
What is the highest common divisor of 10 and 2677390?
10
Calculate the greatest common factor of 23485 and 1220.
305
Calculate the greatest common factor of 1376 and 416240.
688
Calculate the highest common factor of 253227 and 1208.
151
What is the greatest common divisor of 747 and 344035?
83
Calculate the highest common factor of 7764432 and 299.
299
What is the greatest common divisor of 77830 and 8815?
215
What is the greatest common factor of 96811 and 286?
143
Calculate the highest common factor of 55 and 227403.
11
Calculate the highest common divisor of 1012 and 704.
44
Calculate the greatest common divisor of 73062 and 132.
66
Calculate the greatest common factor of 891 and 198.
99
Calculate the highest common divisor of 12 and 460452.
12
What is the highest common divisor of 19 and 783313?
19
Calculate the greatest common factor of 692056 and 8.
8
Calculate the greatest common factor of 96 and 8751.
3
Calculate the greatest common factor of 2424 and 14676.
12
What is the greatest common factor of 18 and 664452?
18
What is the highest common divisor of 177 and 909?
3
What is the highest common divisor of 7595 and 10?
5
What is the greatest common factor of 1122 and 1346?
2
Calculate the greatest common factor of 3311 and 616.
77
Calculate the greatest common divisor of 621 and 12528.
27
Calculate the greatest common divisor of 294 and 43022.
98
Calculate the highest common factor of 22 and 1464782.
22
What is the highest common factor of 7035 and 53399?
67
What is the greatest common factor of 849596 and 132?
44
What is the greatest common divisor of 114675 and 297?
33
Calculate the greatest common divisor of 3240 and 112